et s be f(-1). Suppose 5*c - 50 = -s*c. Let w(q) = q**3 - 4*q**2 - 6*q + 4. What is w(c)?
-1
Let r be 21 + -9 - (-4 - -4). Let f(h) = h**3 - 12*h**2 + 2*h - 26. What is f(r)?
-2
Let h(i) = i**3 - 7*i**2 + 4*i + 9. Suppose -12 = -2*p - 2*w, 5*p + 17*w - 30 = 15*w. Determine h(p).
-3
Suppose 4*w + 3*w = w. Let m(i) = w*i - 3*i - 14 + i + 8. Determine m(-4).
2
Let c(t) = -t**2 + 8*t + 72. Suppose 15*s = 3*v + 18*s - 48, -3*s = -9. Give c(v).
7
Suppose -4*l = -4 - 0, l = -2*n + 1. Let h be -1 + -14 - (n + (8 - 8)). Let w be (-37)/4 - h/(-20). Let b(c) = c**2 + 10*c. What is b(w)?
0
Let z(g) = -2*g**2 - 37*g - 33. Suppose -312*b = -627*b + 297*b - 306. What is z(b)?
18
Let o(r) = -13*r**3 + 5*r**2 - 9*r. Let i(h) be the first derivative of 3*h**4/2 - 2*h**3/3 + 2*h**2 + 72. Let g(n) = -9*i(n) - 4*o(n). Calculate g(-2).
8
Let r(o) be the second derivative of -o**3/2 + 14*o**2 + 12*o. Suppose 2*d - 838 = -5*j - 805, 0 = -3*j + 3*d + 45. Give r(j).
1
Let m(y) be the first derivative of -5*y**2/2 - 3*y + 1. Let r = 163712 + -163710. Calculate m(r).
-13
Let q(k) = 2*k**2 - 7*k - 175. Let i be q(-8). Let x(a) = -a**2 + 12*a - 10. Calculate x(i).
17
Let c(y) = y**3 + 7*y**2 + 6*y + 3. Let k(g) = g**2 + 18*g + 24. Let p be k(-2). What is c(p)?
-109
Let g(s) be the second derivative of 0 - 12*s - 2/3*s**3 - 3*s**2 - 1/20*s**5 + 7/12*s**4. Let a(u) = u**2 + 5*u + 10. Let r be a(-4). Determine g(r).
6
Let d(l) = -3*l - 19*l + 0 + 2 + 2*l**3 + 19*l + 2*l**2. Let p(i) = 2*i**2 - 16*i + 1. Let x be p(8). Determine d(x).
3
Suppose -4*m - 78 = 2*u, 449*m = 451*m - 2*u + 36. Let t(z) = 3*z**2 + 58*z + 23. Calculate t(m).
4
Let v be ((-4)/10)/((-2)/10). Let k be (-10)/(-2) + -3*(2 - 1). Let n(m) = m + 3*m**v + m**3 - 25 + 18 - 2*m**k. Determine n(0).
-7
Let z(x) = -x**2 - 2*x. Suppose 0 = -7*m + 50 + 20. Suppose 6*a + 4 = m. Let r be (3 + -7)/(a + (-2 - -2)). Determine z(r).
-8
Let z(m) = -21*m**2 + m. Suppose 0 = -2*y - 3*v - 3 + 13, -3*y = 4*v - 15. Suppose y*o = -o - 6. What is z(o)?
-22
Let j(y) be the second derivative of 7*y**3/2 + 5*y**2 + 2*y + 366. Give j(-1).
-11
Let r be (13 + 2 + 0)/(103/206). Let u(n) be the second derivative of 1/20*n**5 - 5/12*n**4 + 5/6*n**3 - n**2 + r*n + 0. What is u(3)?
-5
Let z(m) = m**2 + 14*m - 10. Let u(t) = 2*t**2 + 29*t - 21. Let g(a) = -6*u(a) + 13*z(a). Suppose -281*p + 277*p + 5*h - 106 = 0, h - 50 = 4*p. Calculate g(p).
5
Let u(z) = -5*z**2 + 9. Let j(s) = -22*s**2 + 34. Let w(p) = 2*j(p) - 9*u(p). Suppose 2*d + 25 + 3 = 0. Let r = d - -14. Determine w(r).
-13
Let x(u) be the second derivative of -u**6/360 - u**5/20 - 7*u**4/24 + 11*u**3 + 11*u - 1. Let y(c) be the second derivative of x(c). Calculate y(-7).
-14
Let i(l) be the third derivative of 1/60*l**5 + 29 + 2*l**2 + 0*l - 7/24*l**4 + 7/6*l**3. Let r(z) = z**3 + z**2 + z + 6. Let s be r(0). Give i(s).
1
Let q(g) = -29*g**2 + 7. Let u = 54 - 47. Let m(b) = 44*b**2 - 10. Let h(t) = u*q(t) + 5*m(t). Let w(a) = -a**2. Let r(k) = h(k) + 5*w(k). Give r(1).
11
Let q = 377 + -644. Let g = -258 - q. Let y(f) = f**3 - 9*f**2 + f - 12. What is y(g)?
-3
Suppose -2 + 10 = 2*d - 2*k, -5*d + 2*k + 17 = 0. Let h(t) be the second derivative of t**4/12 - 2*t**2 - 478*t. Give h(d).
5
Let a(r) = r**2 - 8*r - 63. Let g be a(13). Let k(l) = -39*l + 16. Let y(i) = 13*i - 5. Let m(j) = -2*k(j) - 7*y(j). Give m(g).
-23
Let f(b) = b**3 - 6*b**2 + 4*b + 1. Let w = 21 - 17. Suppose w*v + c = 231, c - 9 = -2*c. Let x = 62 - v. Calculate f(x).
-4
Let v(q) = -q**2 + 5 - 5*q + 6*q**2 - 4*q**2. Let p(w) = w**2 - 4*w. Suppose -4*z = -89 + 69. Let y be p(z). What is v(y)?
5
Let g be (-2)/4*0/8. Let a(d) = -7*d**2 - 10*d**2 - d + g*d + 3*d**2. Calculate a(-1).
-13
Let r be -1 - ((-595)/340 - 6/(-8)). Let y(v) be the first derivative of -v**2/2 + 29*v - 3. Calculate y(r).
29
Let y(a) = -3*a**3 + 21*a**2 + 16*a + 7. Let i(d) = -2*d**3 + 11*d**2 + 8*d + 3. Let q(c) = 5*i(c) - 3*y(c). Suppose -52*j - 153 = 355 - 144. Calculate q(j).
1
Let d(c) = -c - 18. Suppose -6*w + 21 = -w - 4*p, 2*w = p + 9. Suppose 5*v = -5*u - 13 - 7, v = -w*u - 40. Calculate d(u).
-9
Let n(w) be the first derivative of -4*w**3 + 15*w + 1/4*w**4 - 3/2*w**2 - 90. Give n(12).
-21
Suppose 81 = 5172*x - 5169*x. Let p(h) = 3*h - 28. Determine p(x).
53
Let i(w) = -w**3 + 8*w**2 + 2*w - 11. Let h(m) = -m**3 + 12*m**2 + 10*m + 37. Let r be h(13). Let l(b) = -12*b - 16. Let j be l(r). Give i(j).
5
Let f be 8/6 + 60/90. Let m(a) = -a**2 + 5*a + 5. Let p be m(5). Suppose -f*c + 0*c = 3*x + 28, p*c + 24 = 4*x. Let g(r) = -r - 9. Calculate g(c).
-1
Suppose -5*w = -0*w + 5. Let a be -3 - -8*1 - w. Let c(y) = -3*y**2 - 9*y + 8. Let g(n) = n**2 + 5*n - 4. Let q(l) = 2*c(l) + 5*g(l). Give q(a).
2
Let g(a) be the third derivative of 5*a**2 + 7/12*a**4 + 0*a**3 + 1 + 0*a. Calculate g(1).
14
Let s(y) = 162*y**2 + 135*y - 819. Let r(f) = 59*f**2 + 46*f - 273. Let l(b) = -11*r(b) + 4*s(b). Give l(21).
0
Let v(b) be the second derivative of b**4/12 + 19*b**3/6 - b**2 + 979*b - 1. Give v(-10).
-92
Let i = 900 + -894. Let n be 5 - i - (1 - 4). Let t(l) = l - 3. Calculate t(n).
-1
Let r(s) = -s**3 + 5*s**2 + s. Let f be r(5). Let p(o) = -3*o**2 + 3*o + f*o**3 - 3*o + 5*o**2 - 1. Give p(1).
6
Suppose 0 = 3*z - 14 - 10. Let v = 1219 - 1216. Let i(p) = -v*p**2 + p + 1 + z*p**2 + 2*p**3 - 2*p**2 - 4*p**2. What is i(-1)?
-3
Let f(c) = -c**3 + 9*c**2 - 8*c + 4. Let t be ((-2)/3)/(2/78). Let j(q) = 2*q**3 + 18*q**2 - 41*q - 1. Let b be j(-11). Let r = t - b. Determine f(r).
4
Let a(l) = -2*l**2 - 13*l + 7. Let r be a(-7). Suppose r = -58*b + 85*b - 162. Let k(c) = -c**2 + 7*c - 4. Give k(b).
2
Let f(j) = j - 1. Let y be f(7). Let w = 25 - 20. Let x(s) = -7*s**2 - 4*s**2 + w*s**2 + 10*s - 2*s - 7*s - 4 + s**3. Determine x(y).
2
Let p(u) = -18*u + u**2 + 5*u + 4*u + 3*u**2 + 4*u + 5. Let a(f) = -2*f**2 + 3*f - 3. Let l(y) = 5*a(y) + 3*p(y). Determine l(5).
50
Let n(i) = i - 22. Suppose 3*o = -5*z + 79, 3*z + 8*o - 41 = 3*o. What is n(z)?
-5
Let m(x) be the first derivative of 2*x**2 + x - 7. Suppose -l - 4 = -3*p - 3*l, l - 2 = -p. Suppose 4*k - 12 = -p. Determine m(k).
13
Let a(y) = -2*y**2 + 9*y + 5. Let w(j) = -j**2 + 2*j + 1. Let s(o) = -a(o) + 4*w(o). Calculate s(0).
-1
Let w(n) = 2*n**2 - 31. Let h be (156/117)/(1/6) - 8. Calculate w(h).
-31
Let l(v) = 42*v**3 - 2*v - 2. Suppose 4710 = -17*g + 4693. What is l(g)?
-42
Let z = -6 + 3. Let r(c) be the second derivative of c**8/6720 + c**7/840 - c**5/30 + 5*c**4/4 + 14*c. Let u(v) be the third derivative of r(v). Calculate u(z).
-4
Suppose 0 = 21*n - 16*n - 4*k + 82, 5*n - 2*k = -76. Let d(f) = -f**2 - 19*f - 5. Give d(n).
65
Let q(b) be the second derivative of b**4/24 - b**3/6 - 78*b**2 - 7*b + 3. Let j(c) be the first derivative of q(c). What is j(-4)?
-5
Let b(i) be the third derivative of i**4/24 + 5*i**3/6 + i**2 + 244. What is b(-11)?
-6
Let y(m) be the first derivative of -3*m + 1/4*m**4 - 157 + 2/3*m**3 + m**2. Calculate y(0).
-3
Let k(c) = c**2 - c - 3. Let x be (-15276)/120 - (-3)/10. Let j = x + 122. Calculate k(j).
27
Let g be (-2)/12 - (3 + 30/(-6))/8. Let z(r) be the second derivative of 0*r**2 - 5/6*r**3 - g*r**4 + 0 + 4*r. Determine z(-5).
0
Let x = 554 - 558. Let h(n) = -16*n**3 - 14*n**2 + n - 11. Let j(q) = 3*q**3 + 3*q**2 + 2. Let s(t) = -2*h(t) - 11*j(t). Give s(x).
-8
Let f(b) = -2*b**2 + 6*b + 1. Let g(l) = -5*l**2 + 14*l + 3. Let u(r) = r**2 - 4*r + 7. Let m be u(3). Let p(w) = m*g(w) - 9*f(w). Give p(4).
-21
Suppose 23*t = 9*t + 84. Suppose 5*x + 2 - 12 = 0. Let n(m) = -3 - 6*m + 3 + m**2 + x - 5. Calculate n(t).
-3
Let u(s) = 1190*s**2 - s**3 - 7*s - 3*s - 1200*s**2 - 4. Calculate u(-9).
5
Let h(z) be the second derivative of -7*z**3/6 - 12*z**2 - 9*z - 14. What is h(-3)?
-3
Let g(b) = -94 + 437*b + 428*b - 34 + 432*b - 1292*b. Calculate g(0).
-128
Suppose -19 = -6*c - 109. Let k(h) = -2*h. Let o(j) = 25*j. Let y(l) = c*k(l) - o(l). Determine y(-1).
-5
Suppose -34*m + 4*a = -31*m - 11, -5*m - 2*a = 25. Let q(v) = -2*v**2 + 7*v - 2. What is q(m)?
-41
Let n(s) = s - 3. Let g(z) = 30*z - 96. Let c(q) = g(q) - 24*n(q). Calculate c(3).
-6
Let t = 3849 + -3846. Let y(l) = -l**3 - l**2 + 4*l + 3. Give y(t).
-21
Let p(c) = 0*c**2 + 154*c - 317*c - c**2 + 167*c. Give p(2).
4
Let i(v) = -9*v